omposite number?
False
Is 178289 composite?
False
Is 123643 a prime number?
False
Is 61882 a prime number?
False
Is 20302 a prime number?
False
Is 23251 a composite number?
False
Is 7355 composite?
True
Is 280243 a composite number?
False
Is 628781 a prime number?
True
Is 53479 a composite number?
False
Is 23369 composite?
False
Is 330149 a composite number?
False
Is 914 a composite number?
True
Is 459139 composite?
True
Is 592429 composite?
False
Is 2743 composite?
True
Is 31879 prime?
False
Is 227269 a composite number?
True
Is 414199 composite?
False
Is 30029 a composite number?
False
Is 12247 prime?
False
Is 138055 prime?
False
Is 329223 a composite number?
True
Is 2240629 composite?
False
Is 1137099 prime?
False
Is 1515271 a composite number?
False
Is 5003 a composite number?
False
Is 4985 composite?
True
Is 9979 prime?
False
Is 148637 prime?
False
Is 55849 prime?
True
Is 3017 prime?
False
Is 162439 a composite number?
False
Is 17377 prime?
True
Is 913169 a composite number?
True
Is 11013 a composite number?
True
Is 113327 a composite number?
False
Is 215837 a prime number?
False
Is 1832593 a composite number?
True
Is 8781 composite?
True
Is 452663 prime?
False
Is 1702317 prime?
False
Is 11539 composite?
True
Is 16301 a composite number?
False
Is 10817 prime?
False
Is 22189 composite?
False
Is 9305 prime?
False
Is 7143 a prime number?
False
Is 3233 composite?
True
Is 173617 a composite number?
False
Is 3343 a prime number?
True
Is 95429 prime?
True
Is 429499 composite?
True
Is 11657 prime?
True
Is 344269 a prime number?
True
Is 91477 composite?
True
Is 4391 composite?
False
Is 89203 a composite number?
False
Is 26759 a composite number?
False
Is 792179 a prime number?
True
Is 15661 a composite number?
False
Is 24694 composite?
True
Is 256337 a prime number?
True
Is 129263 a composite number?
False
Is 137209 a prime number?
True
Is 63241 a composite number?
False
Is 2647565 prime?
False
Is 86285 a composite number?
True
Is 45283 composite?
True
Is 597127 composite?
False
Is 744707 a composite number?
False
Is 1559 a prime number?
True
Is 112757 a prime number?
True
Is 8817 a prime number?
False
Is 45231 a prime number?
False
Is 3587 a composite number?
True
Is 40739 prime?
True
Is 457979 composite?
False
Is 10537 a composite number?
True
Is 6431 a prime number?
False
Is 946367 prime?
True
Is 109789 prime?
True
Is 31111 prime?
False
Is 25735 composite?
True
Is 297085 a prime number?
False
Is 5711 a prime number?
True
Is 186137 prime?
False
Is 189263 composite?
True
Is 155627 a prime number?
True
Is 124147 a composite number?
False
Is 1525399 prime?
False
Is 1659039 a prime number?
False
Is 96893 a composite number?
False
Is 9701 a prime number?
False
Is 410335 composite?
True
Is 10783 a prime number?
False
Is 20697 a prime number?
False
Is 498119 a composite number?
False
Is 3648601 a prime number?
False
Is 465887 composite?
False
Is 15821 composite?
True
Is 13381 composite?
False
Is 2959 a prime number?
False
Is 2009713 a composite number?
False
Is 8923 composite?
False
Is 1005041 a prime number?
True
Is 13309 a composite number?
False
Is 160307 a composite number?
True
Is 13567 prime?
True
Is 12791 composite?
False
Is 290651 a prime number?
False
Is 2438602 a prime number?
False
Is 671 prime?
False
Is 47599 a composite number?
False
Is 4073 a composite number?
False
Is 36485 composite?
True
Is 79229 composite?
False
Is 14171 a composite number?
True
Is 1673 a prime number?
False
Is 131171 composite?
False
Is 6459 prime?
False
Is 378919 a composite number?
False
Is 1042 a composite number?
True
Is 288647 a composite number?
False
Is 15338 a composite number?
True
Is 1112713 a composite number?
True
Is 19277 composite?
True
Is 1543 a prime number?
True
Is 94099 composite?
False
Is 24281 a prime number?
True
Is 24987 a prime number?
False
Is 362479 prime?
False
Is 2237 prime?
True
Is 223 composite?
False
Is 186779 a prime number?
False
Is 124457 a composite number?
True
Is 3709 composite?
False
Is 32309 a prime number?
True
Is 104891 a prime number?
True
Is 327395 composite?
True
Is 3647 a prime number?
False
Is 102761 composite?
False
Is 1657 a composite number?
False
Is 991 a prime number?
True
Is 1397 a prime number?
False
Is 268459 a composite number?
False
Is 3364439 a prime number?
False
Is 24593 a prime number?
True
Is 1852307 prime?
True
Is 3683 composite?
True
Is 271381 a composite number?
True
Is 1195 a composite number?
True
Is 24239 prime?
True
Is 100981 a composite number?
False
Is 20707 composite?
False
Is 33997 a composite number?
False
Is 40693 a composite number?
False
Is 24169 composite?
False
Is 11959 composite?
False
Is 145361 composite?
False
Is 108061 composite?
False
Is 42917 prime?
False
Is 6733 a prime number?
True
Is 22897 a composite number?
True
Is 5273 prime?
True
Is 2927 a composite number?
False
Is 66569 a composite number?
False
Is 19373 composite?
False
Is 40195 a composite number?
True
Is 799 a prime number?
False
Is 6737 a prime number?
True
Is 187213 prime?
False
Is 95581 a prime number?
True
Is 47501 prime?
True
Is 1207187 a composite number?
True
Is 77002 composite?
True
Is 18301 a prime number?
True
Is 545539 composite?
True
Is 762503 a prime number?
False
Is 10903 prime?
True
Is 51317 composite?
True
Is 21598 prime?
False
Is 10391 a composite number?
False
Is 434693 prime?
False
Is 1931 a composite number?
False
Is 49733 composite?
True
Is 355 composite?
True
Is 141907 a composite number?
False
Is 22171 a composite number?
False
Is 10977 prime?
False
Is 73213 prime?
False
Is 46045 prime?
False
Is 32345 composite?
True
Is 557891 a composite number?
False
Is 418739 composite?
False
Is 1847267 a composite number?
False
Is 21817 a composite number?
False
Is 308899 a composite number?
False
Is 88423 a prime number?
True
Is 970903 a composite number?
False
Is 6599 prime?
True
Is 125917 composite?
True
Is 4632583 a composite number?
True
Is 4853 a prime number?
False
Is 15959 composite?
False
Is 181157 a composite number?
False
Is 14693 a composite number?
True
Is 14699 a composite number?
False
Is 24659 a prime number?
True
Is 378439 a prime number?
True
Is 13613 a prime number?
True
Is 133751 a prime number?
False
Is 2757701 a prime number?
False
Is 2033899 a prime number?
False
Is 73709 composite?
False
Is 157083 a prime number?
False
Is 124633 a composite number?
False
Is 130022 composite?
True
Is 28603 a composite number?
False
Is 679498 a composite number?
True
Is 63277 composite?
False
Is 20791 prime?
False
Is 1094 prime?
False
Is 139501 a composite number?
False
Is 82759 composite?
False
Is 621923 prime?
True
Is 55 composite?
True
Is 980677 composite?
False
Is 13027 a composite number?
True
Is 124447 a prime number?
True
Is 85537 a composite number?
True
Is 3093 a composite number?
True
Is 6179 prime?
False
Is 7631 prime?
False
Is 42587 a prime number?
False
Is 48907 composite?
False
Is 15231 a prime number?
False
Is 8231 a prime number?
True
Is 317451 a prime number?
False
Is 27581 a composite number?
False
Is 10831 composite?
False
Is 1567 prime?
True
Is 20431 a composite number?
False
Is 4224131 a composite number?
False
Is 106969 prime?
False
Is 597 a prime number?
False
Is 20911 composite?
True
Is 13105 prime?
False
Is 1817 composite?
True
Is 8779 prime?
True
Is 1235707 a composite number?
True
Is 157261 a composite number?
True
Is 5849 a composite number?
False
Is 98171 a composite number?
True
Is 3781631 a composite number?
True
Is 16723 a composite number?
True
Is 337451 a prime number?
False
Is 68993 a composite number?
False
Is 20563 prime?
True
Is 5471 a composite number?
False
Is 8461 a prime number?
True
Is 13367 composite?
False
Is 11967 a prime number?
False
Is 26627 composite?
False
Is 12829 composite?
False
Is 4405057 composite?
True
Is 28415 a prime number?
False
Is 19531 a composite number?
False
Is 106871 a prime number?
True
Is 1169183 a composite number?
False
Is 2357 a composite number?
False
Is 15761 a composite number?
False
Is 8663 composite?
False
Is 75979 a composite number?
False
Is 10193 a prime number?
True
Is 240022 composite?
True
Is 202893 composite?
True
Is 22751 composite?
False
Is 32987 composite?
False
Is 16921 prime?
True
Is 27247 a composite number?
True
Is